{"id":1809,"date":"2014-09-26T09:27:42","date_gmt":"2014-09-26T09:27:42","guid":{"rendered":"http:\/\/zsrodowo.pl\/?page_id=1809"},"modified":"2014-09-26T09:27:42","modified_gmt":"2014-09-26T09:27:42","slug":"czytelnictwo-w-roku-szkolnym-20132014","status":"publish","type":"page","link":"http:\/\/zsrodowo.pl\/?page_id=1809","title":{"rendered":"Czytelnictwo w roku szkolnym 2013\/2014"},"content":{"rendered":"<p style=\"text-align: center;\"><strong>NAJLEPSI CZYTELNICY W ROKU SZKOLNYM 2013\/2014<\/strong><\/p>\n<p style=\"text-align: center;\"><strong><span style=\"text-decoration: underline;\">SZKO\u0141A PODSTAWOWA<\/span><\/strong><\/p>\n<p style=\"text-align: center;\"><span style=\"color: #008000;\">KLASA I<\/span><br \/>\n-Kaczmarczyk Iga<br \/>\n-Mandziuk Adam<\/p>\n<p style=\"text-align: center;\"><span style=\"color: #008000;\">KLASA II<\/span><br \/>\n-Beksa Aleksandra<br \/>\n-W\u0105sik Dominika<br \/>\n-Zaparucha Rados\u0142aw<\/p>\n<p style=\"text-align: center;\"><span style=\"color: #008000;\">KLASA III<\/span><br \/>\n-Chrostek Urszula<br \/>\n-Wr\u00f3blewska Julianna<br \/>\n-Gdula Andrzej<br \/>\n-Rabeszko Roksana<br \/>\n-Mandziuk Kacper<\/p>\n<p style=\"text-align: center;\"><span style=\"color: #008000;\">KLASA IV<\/span><br \/>\n-Mueller Maja<\/p>\n<p style=\"text-align: center;\"><span style=\"color: #008000;\">KLASA V<\/span><\/p>\n<p style=\"text-align: center;\"><span style=\"color: #008000;\">KLASA VI<\/span><br \/>\n-Lenartowicz Magda<\/p>\n<p style=\"text-align: center;\"><strong><span style=\"text-decoration: underline;\">GIMNAZJUM<\/span><\/strong><\/p>\n<p style=\"text-align: center;\"><span style=\"color: #008000;\">KLASA I<\/span><br \/>\n-Ciesi\u0144ska Roksana<br \/>\n-K\u0142uba Zuzanna<\/p>\n<p style=\"text-align: center;\"><span style=\"color: #008000;\">KLASA II<\/span><br \/>\n-Jankowska Natalia<br \/>\n-Mroczy\u0144ska Marta<br \/>\n-Lewandowska Alicja<\/p>\n<p style=\"text-align: center;\"><span style=\"color: #008000;\">KLASA III<\/span><br \/>\n-Trawi\u0144ska Sandra<br \/>\n-Namiel Dawid<br \/>\n-Gosik Karolina<\/p>\n","protected":false},"excerpt":{"rendered":"<p>NAJLEPSI CZYTELNICY W ROKU SZKOLNYM 2013\/2014 SZKO\u0141A PODSTAWOWA KLASA I -Kaczmarczyk Iga -Mandziuk Adam KLASA II -Beksa Aleksandra -W\u0105sik Dominika -Zaparucha Rados\u0142aw KLASA III -Chrostek Urszula -Wr\u00f3blewska Julianna -Gdula Andrzej -Rabeszko Roksana -Mandziuk Kacper KLASA IV -Mueller Maja KLASA V &hellip; <a href=\"http:\/\/zsrodowo.pl\/?page_id=1809\">Czytaj dalej <span class=\"meta-nav\">&rarr;<\/span><\/a><\/p>\n","protected":false},"author":2,"featured_media":0,"parent":0,"menu_order":0,"comment_status":"closed","ping_status":"closed","template":"","meta":{"footnotes":""},"class_list":["post-1809","page","type-page","status-publish","hentry"],"_links":{"self":[{"href":"http:\/\/zsrodowo.pl\/index.php?rest_route=\/wp\/v2\/pages\/1809","targetHints":{"allow":["GET"]}}],"collection":[{"href":"http:\/\/zsrodowo.pl\/index.php?rest_route=\/wp\/v2\/pages"}],"about":[{"href":"http:\/\/zsrodowo.pl\/index.php?rest_route=\/wp\/v2\/types\/page"}],"author":[{"embeddable":true,"href":"http:\/\/zsrodowo.pl\/index.php?rest_route=\/wp\/v2\/users\/2"}],"replies":[{"embeddable":true,"href":"http:\/\/zsrodowo.pl\/index.php?rest_route=%2Fwp%2Fv2%2Fcomments&post=1809"}],"version-history":[{"count":1,"href":"http:\/\/zsrodowo.pl\/index.php?rest_route=\/wp\/v2\/pages\/1809\/revisions"}],"predecessor-version":[{"id":1811,"href":"http:\/\/zsrodowo.pl\/index.php?rest_route=\/wp\/v2\/pages\/1809\/revisions\/1811"}],"wp:attachment":[{"href":"http:\/\/zsrodowo.pl\/index.php?rest_route=%2Fwp%2Fv2%2Fmedia&parent=1809"}],"curies":[{"name":"wp","href":"https:\/\/api.w.org\/{rel}","templated":true}]}}