{"id":280,"date":"2012-02-20T11:07:18","date_gmt":"2012-02-20T11:07:18","guid":{"rendered":"http:\/\/zsrodowo.pl\/?page_id=280"},"modified":"2012-04-30T09:09:07","modified_gmt":"2012-04-30T09:09:07","slug":"wolontariat","status":"publish","type":"page","link":"http:\/\/zsrodowo.pl\/?page_id=280","title":{"rendered":"Wolontariat"},"content":{"rendered":"<p><span style=\"font-size: small;\"><a href=\"http:\/\/zsrodowo.pl\/?page_id=428\">&#8211; Organizacja szkolnego klubu wolontariatu &#8222;\u017byczliwi&#8221;<\/a><\/span><br \/>\n<span style=\"font-size: small;\"> <a href=\"http:\/\/zsrodowo.pl\/?page_id=393\">&#8211; Kodeks etyczny wolontariuszy<\/a><\/span><br \/>\n<span style=\"font-size: small;\"> <a href=\"http:\/\/zsrodowo.pl\/?page_id=394\">&#8211; Regulamin szkolnego klubu wolontariatu<\/a><\/span><br \/>\n<span style=\"font-size: small;\"> <a href=\"http:\/\/zsrodowo.pl\/?page_id=387\">&#8211; Cz\u0142onkowie szkolnego klubu wolontariusza 2011\/2012<\/a><\/span><br \/>\n<span style=\"font-size: small;\"> <a href=\"http:\/\/zsrodowo.pl\/?page_id=406\">&#8211; Sprawozdanie z realizacji programu szkolnego klubu wolontariusza I sem. 2011\/2012<\/a><\/span><br \/>\n<span style=\"font-size: small;\"><a href=\"http:\/\/zsrodowo.pl\/?page_id=449\">&#8211; Galeria szkolnego klubu wolontariatu<\/a><\/span><br \/>\n<span style=\"font-size: small;\"><a href=\"http:\/\/zsrodowo.pl\/?page_id=572\">&#8211; DZIE\u0143 \u017bYCZLIWO\u015aCI<\/a><\/span><\/p>\n","protected":false},"excerpt":{"rendered":"<p>&#8211; Organizacja szkolnego klubu wolontariatu &#8222;\u017byczliwi&#8221; &#8211; Kodeks etyczny wolontariuszy &#8211; Regulamin szkolnego klubu wolontariatu &#8211; Cz\u0142onkowie szkolnego klubu wolontariusza 2011\/2012 &#8211; Sprawozdanie z realizacji programu szkolnego klubu wolontariusza I sem. 2011\/2012 &#8211; Galeria szkolnego klubu wolontariatu &#8211; DZIE\u0143 \u017bYCZLIWO\u015aCI<\/p>\n","protected":false},"author":2,"featured_media":0,"parent":0,"menu_order":0,"comment_status":"closed","ping_status":"closed","template":"","meta":{"footnotes":""},"class_list":["post-280","page","type-page","status-publish","hentry"],"_links":{"self":[{"href":"http:\/\/zsrodowo.pl\/index.php?rest_route=\/wp\/v2\/pages\/280","targetHints":{"allow":["GET"]}}],"collection":[{"href":"http:\/\/zsrodowo.pl\/index.php?rest_route=\/wp\/v2\/pages"}],"about":[{"href":"http:\/\/zsrodowo.pl\/index.php?rest_route=\/wp\/v2\/types\/page"}],"author":[{"embeddable":true,"href":"http:\/\/zsrodowo.pl\/index.php?rest_route=\/wp\/v2\/users\/2"}],"replies":[{"embeddable":true,"href":"http:\/\/zsrodowo.pl\/index.php?rest_route=%2Fwp%2Fv2%2Fcomments&post=280"}],"version-history":[{"count":10,"href":"http:\/\/zsrodowo.pl\/index.php?rest_route=\/wp\/v2\/pages\/280\/revisions"}],"predecessor-version":[{"id":384,"href":"http:\/\/zsrodowo.pl\/index.php?rest_route=\/wp\/v2\/pages\/280\/revisions\/384"}],"wp:attachment":[{"href":"http:\/\/zsrodowo.pl\/index.php?rest_route=%2Fwp%2Fv2%2Fmedia&parent=280"}],"curies":[{"name":"wp","href":"https:\/\/api.w.org\/{rel}","templated":true}]}}