{"id":3129,"date":"2018-05-30T11:50:49","date_gmt":"2018-05-30T11:50:49","guid":{"rendered":"http:\/\/zsrodowo.pl\/?page_id=3129"},"modified":"2018-06-18T09:14:52","modified_gmt":"2018-06-18T09:14:52","slug":"projekt-edukacyjny-2017-2018","status":"publish","type":"page","link":"http:\/\/zsrodowo.pl\/?page_id=3129","title":{"rendered":"Projekt edukacyjny 2017\/2018"},"content":{"rendered":"<p style=\"text-align: justify;\">W nowej podstawie programowej w gimnazjum jako jeden ze sposob\u00f3w realizacji tre\u015bci wskazano metod\u0119 projektu edukacyjnego. Warunkiem uko\u0144czenia gimnazjum jest uczestnictwo uczni\u00f3w klasy II gimnazjum w projekcie. W roku szkolnym 2017\/2018 uczniowie naszego gimnazjum brali udzia\u0142 w nast\u0119puj\u0105cych projektach edukacyjnych:<\/p>\n<table style=\"width: 100%;\" border=\"0\">\n<tbody>\n<tr style=\"background-color: #ffffff;\">\n<td style=\"width: 90%;\">1. Geografia: &#8222;Po\u0142udniowy s\u0105siad Polski- Czechy. Ma\u0142y kraj- d\u0142uga historia&#8221;.<\/td>\n<td style=\"width: 10%; text-align: center;\" colspan=\"2\"><a href=\"http:\/\/zsrodowo.pl\/wp-content\/uploads\/2018\/05\/MALA-ZEME-VELKY-PRIBEH.pptx\"><img decoding=\"async\" class=\"alignnone\" src=\"dokumenty\/grafika\/\/graf\/ikonka_ppt.gif\" \/><\/a><\/td>\n<\/tr>\n<tr style=\"background-color: #ffffff;\">\n<td style=\"width: 90%;\">2. J\u0119zyk angielski: \u201eAle mam newsa&#8230;English jest wok\u00f3\u0142 nas- o zapo\u017cyczeniach i wszechobecno\u015bci j\u0119zyka angielskiego\u201d.<\/td>\n<td style=\"width: 10%; text-align: center;\" colspan=\"2\"><a href=\"http:\/\/zsrodowo.pl\/wp-content\/uploads\/2018\/06\/projekt_ang_2018.pptx\"><img decoding=\"async\" class=\"alignnone\" src=\"dokumenty\/grafika\/\/graf\/ikonka_ppt.gif\" \/><\/a><span style=\"font-size: 10pt;\"><a href=\"http:\/\/zsrodowo.pl\/wp-content\/uploads\/2018\/06\/scenka_1.mp4\">scenka_1<\/a> <a href=\"http:\/\/zsrodowo.pl\/wp-content\/uploads\/2018\/06\/scenka_2.mp4\">scenka_2<\/a> <\/span><a href=\"http:\/\/zsrodowo.pl\/wp-content\/uploads\/2018\/06\/scenka_3.mp4\"><span style=\"font-size: 10pt;\">scenka_3<\/span><\/a><\/td>\n<\/tr>\n<tr style=\"background-color: #ffffff;\">\n<td style=\"width: 90%;\">3. WOS: &#8222;Geneza i przysz\u0142o\u015b\u0107 Unii Europejskiej&#8221;.<\/td>\n<td style=\"width: 10%; text-align: center;\" colspan=\"2\"><a href=\"http:\/\/zsrodowo.pl\/wp-content\/uploads\/2018\/06\/projekt_wos_2018.pptx\"><img decoding=\"async\" class=\"alignnone\" src=\"dokumenty\/grafika\/\/graf\/ikonka_ppt.gif\" \/><\/a><\/td>\n<\/tr>\n<\/tbody>\n<\/table>\n<p>&nbsp;<\/p>\n","protected":false},"excerpt":{"rendered":"<p>W nowej podstawie programowej w gimnazjum jako jeden ze sposob\u00f3w realizacji tre\u015bci wskazano metod\u0119 projektu edukacyjnego. Warunkiem uko\u0144czenia gimnazjum jest uczestnictwo uczni\u00f3w klasy II gimnazjum w projekcie. W roku szkolnym 2017\/2018 uczniowie naszego gimnazjum brali udzia\u0142 w nast\u0119puj\u0105cych projektach edukacyjnych: &hellip; <a href=\"http:\/\/zsrodowo.pl\/?page_id=3129\">Czytaj dalej <span class=\"meta-nav\">&rarr;<\/span><\/a><\/p>\n","protected":false},"author":3,"featured_media":0,"parent":0,"menu_order":0,"comment_status":"closed","ping_status":"closed","template":"","meta":{"footnotes":""},"class_list":["post-3129","page","type-page","status-publish","hentry"],"_links":{"self":[{"href":"http:\/\/zsrodowo.pl\/index.php?rest_route=\/wp\/v2\/pages\/3129","targetHints":{"allow":["GET"]}}],"collection":[{"href":"http:\/\/zsrodowo.pl\/index.php?rest_route=\/wp\/v2\/pages"}],"about":[{"href":"http:\/\/zsrodowo.pl\/index.php?rest_route=\/wp\/v2\/types\/page"}],"author":[{"embeddable":true,"href":"http:\/\/zsrodowo.pl\/index.php?rest_route=\/wp\/v2\/users\/3"}],"replies":[{"embeddable":true,"href":"http:\/\/zsrodowo.pl\/index.php?rest_route=%2Fwp%2Fv2%2Fcomments&post=3129"}],"version-history":[{"count":11,"href":"http:\/\/zsrodowo.pl\/index.php?rest_route=\/wp\/v2\/pages\/3129\/revisions"}],"predecessor-version":[{"id":3176,"href":"http:\/\/zsrodowo.pl\/index.php?rest_route=\/wp\/v2\/pages\/3129\/revisions\/3176"}],"wp:attachment":[{"href":"http:\/\/zsrodowo.pl\/index.php?rest_route=%2Fwp%2Fv2%2Fmedia&parent=3129"}],"curies":[{"name":"wp","href":"https:\/\/api.w.org\/{rel}","templated":true}]}}